{"id":24,"date":"2023-10-16T14:36:46","date_gmt":"2023-10-16T12:36:46","guid":{"rendered":"http:\/\/tsfreso35.fr\/?page_id=24"},"modified":"2024-06-28T10:46:03","modified_gmt":"2024-06-28T08:46:03","slug":"nous-contacter","status":"publish","type":"page","link":"https:\/\/tsfreso35.fr\/index.php\/nous-contacter\/","title":{"rendered":"Nous contacter"},"content":{"rendered":"\n<p><strong>TSF R\u00e9so35 c\u2019est une adresse\u00a0:<\/strong><\/p>\n\n\n\n<p class=\"has-text-align-center\">11 bis, square Charles Dullin,<\/p>\n\n\n\n<p class=\"has-text-align-center\">35000 Rennes<\/p>\n\n\n<div class=\"wp-block-image\">\n<figure class=\"aligncenter size-full is-resized\"><img loading=\"lazy\" decoding=\"async\" width=\"1000\" height=\"750\" src=\"https:\/\/tsfreso35.fr\/wp-content\/uploads\/2023\/10\/Panneau-signaletique.jpg\" alt=\"\" class=\"wp-image-25\" style=\"aspect-ratio:1.3333333333333333;width:397px;height:auto\" srcset=\"https:\/\/tsfreso35.fr\/wp-content\/uploads\/2023\/10\/Panneau-signaletique.jpg 1000w, https:\/\/tsfreso35.fr\/wp-content\/uploads\/2023\/10\/Panneau-signaletique-300x225.jpg 300w, https:\/\/tsfreso35.fr\/wp-content\/uploads\/2023\/10\/Panneau-signaletique-768x576.jpg 768w\" sizes=\"auto, (max-width: 1000px) 100vw, 1000px\" \/><\/figure>\n<\/div>\n\n\n<div style=\"height:44px\" aria-hidden=\"true\" class=\"wp-block-spacer\"><\/div>\n\n\n\n<p><strong>Un num\u00e9ro de t\u00e9l\u00e9phone&nbsp;:<\/strong><\/p>\n\n\n\n<p class=\"has-text-align-center\">06 15 43 40 59<\/p>\n\n\n\n<div style=\"height:31px\" aria-hidden=\"true\" class=\"wp-block-spacer\"><\/div>\n\n\n\n<p><strong>Une adresse mail&nbsp;:<\/strong><\/p>\n\n\n\n<p class=\"has-text-align-center\">tsfreso35 [at] gmail.com<\/p>\n","protected":false},"excerpt":{"rendered":"<p>TSF R\u00e9so35 c\u2019est une adresse\u00a0: 11 bis, square Charles Dullin, 35000 Rennes Un num\u00e9ro de t\u00e9l\u00e9phone&nbsp;: 06 15 43 40 59 Une adresse mail&nbsp;: tsfreso35 [at] gmail.com<\/p>\n","protected":false},"author":1,"featured_media":0,"parent":0,"menu_order":0,"comment_status":"closed","ping_status":"closed","template":"","meta":{"footnotes":""},"class_list":["post-24","page","type-page","status-publish","hentry"],"jetpack_sharing_enabled":true,"_links":{"self":[{"href":"https:\/\/tsfreso35.fr\/index.php\/wp-json\/wp\/v2\/pages\/24","targetHints":{"allow":["GET"]}}],"collection":[{"href":"https:\/\/tsfreso35.fr\/index.php\/wp-json\/wp\/v2\/pages"}],"about":[{"href":"https:\/\/tsfreso35.fr\/index.php\/wp-json\/wp\/v2\/types\/page"}],"author":[{"embeddable":true,"href":"https:\/\/tsfreso35.fr\/index.php\/wp-json\/wp\/v2\/users\/1"}],"replies":[{"embeddable":true,"href":"https:\/\/tsfreso35.fr\/index.php\/wp-json\/wp\/v2\/comments?post=24"}],"version-history":[{"count":2,"href":"https:\/\/tsfreso35.fr\/index.php\/wp-json\/wp\/v2\/pages\/24\/revisions"}],"predecessor-version":[{"id":106,"href":"https:\/\/tsfreso35.fr\/index.php\/wp-json\/wp\/v2\/pages\/24\/revisions\/106"}],"wp:attachment":[{"href":"https:\/\/tsfreso35.fr\/index.php\/wp-json\/wp\/v2\/media?parent=24"}],"curies":[{"name":"wp","href":"https:\/\/api.w.org\/{rel}","templated":true}]}}